e 14/63 - 16/(-9). What is the remainder when 94 is divided by -14*(6/21 - b)?
22
Let x(c) = -c**2 + 4*c - 1. Let l be x(4). Let b be -2 + (l - -3) + 6. Calculate the remainder when 8 is divided by (1/(2/b))/1.
2
Suppose i - 2*i = 0. Suppose a = 2*m + 35 - i, 0 = a - 5*m - 47. What is the remainder when 52 is divided by a?
25
Suppose -2*t = -5*d - 274 - 164, 189 = t + 5*d. Calculate the remainder when t is divided by 10.
9
Suppose -45 = 8*o - 613. Let n(w) = 2*w**2 - 5*w + 6. Calculate the remainder when o is divided by n(4).
17
Let d(v) = 2*v**2 - 3 - v**2 + 2. Suppose -285 = -8*s + 3*s. What is the remainder when s is divided by d(4)?
12
Suppose 3*u = -4*p - 31, 0 = 3*u - p + 15 + 11. Let y(j) = -8*j - 43. Suppose b = -i + 1, 4*b + 32 = 4*i + i. Calculate the remainder when y(u) is divided by i.
1
Let b = 221 + -146. What is the remainder when b is divided by 19?
18
What is the remainder when 3 + -9 + -4 - -324 is divided by 75?
14
Suppose -4*k = 3*y - 161, -k = -3*y - 4*k + 165. Suppose -z - 4*z + 75 = 0. Suppose 0 = 3*o - 2*o - z. What is the remainder when y is divided by o?
14
Let l(q) = 2*q**3 - 13*q**2 - 2*q + 6. Calculate the remainder when 246 is divided by l(7).
0
Let p = 77 - 65. Suppose 11*q - p = 7*q. What is the remainder when 10 is divided by q?
1
Suppose 4*q - 175 = -2*j + 87, -4*q = -5*j + 585. What is the remainder when j is divided by 21?
16
Let l = 9 - 14. Calculate the remainder when 40 is divided by (-2)/(l - 78/(-16)).
8
Suppose -2*u - l + 314 = -5*l, -471 = -3*u + 4*l. Calculate the remainder when u is divided by 48.
13
Let m = 113 + -64. Suppose -5*f + m = -4*f. Calculate the remainder when f is divided by 26.
23
Let n be -4*(6/(-4) - -2). Let m(x) be the second derivative of 5*x**4/12 + x**3/6 + x**2/2 - 2*x. Calculate the remainder when m(n) is divided by 10.
9
Suppose 24*h + 3*h - 8397 = 0. Calculate the remainder when h is divided by 104.
103
Let f(c) = 13*c - 299. Calculate the remainder when 305 is divided by f(25).
19
Suppose 3*j - 768 = -5*v, -33*v + 37*v - 510 = -2*j. Calculate the remainder when j is divided by 30.
21
Let n = -1761 - -1794. Calculate the remainder when 218 is divided by n.
20
Suppose -36 = -8*t + 11*t. Let h = -8 - t. What is the remainder when ((-51)/(-2))/(2/h) is divided by 13?
12
Suppose -17*n + 14*n + 12 = 0. Suppose 6 + 0 = w - b, -4 = -3*w - n*b. Suppose w*h - 105 = -1. Calculate the remainder when h is divided by 7.
5
Suppose p - 2*p = -23. Let l be (18/2 + -3)/1. Suppose -l = -11*i + 10*i. What is the remainder when p is divided by i?
5
Suppose -2*f = 4*x - 33 - 23, -5*x + 81 = -3*f. Calculate the remainder when 206 is divided by x.
11
Let f = 593 - 564. Let z(w) = 112*w + 1. What is the remainder when z(1) is divided by f?
26
Calculate the remainder when (8 - 15)/(-21)*933 is divided by 93.
32
Let n(d) be the third derivative of -d**4/24 - 7*d**3/3 + d**2. Suppose -4*a - g = -14 + 77, 2*a + 4*g = -28. Calculate the remainder when 7 is divided by n(a).
1
Suppose -2*q = -4*q + 24. What is the remainder when (105/10)/(2/q) is divided by 14?
7
Suppose 0*p + 17 = b + 3*p, -2*p + 13 = b. Suppose -a - 15 = -2*g, 5*g - b*a = 2 + 28. Suppose 113 + 7 = 5*k. What is the remainder when k is divided by g?
6
Suppose 4*y = -5*o + 49 - 13, 4*o = y + 12. What is the remainder when y/16 + 71/4 is divided by 10?
8
Let u(o) = -2*o - 1. Let j be u(-2). Suppose 10 = x - 2*y, -3*y + j = 4*x - 4. What is the remainder when 27 + (3*-4)/x is divided by 13?
11
Let l(y) = 11 - 10*y - 10*y + 19*y. Calculate the remainder when 48 is divided by l(-6).
14
Let d = 306 + -194. Let x = 208 - d. Suppose 75 = 4*j - 57. What is the remainder when x is divided by j?
30
Let i = 13 + 38. Suppose 2*h - h - 3 = 0, 0 = 3*u - h - i. Let z = u + -6. What is the remainder when 58 is divided by z?
10
Suppose 98 - 21 = 7*l. Let p(j) = -3*j. Let o(q) = -1. Let b(s) = 6*o(s) - p(s). Calculate the remainder when 105 is divided by b(l).
24
Let c(a) = -2*a**2 + 3*a + 2. Let j be c(3). Let f = 10 + j. Suppose -51*b + 36 = -47*b. Calculate the remainder when b is divided by f.
0
Suppose -2*f - 286 = -4*f. Calculate the remainder when f is divided by (9/(-6))/((-5)/120).
35
Let q(t) = -33*t - 286. Calculate the remainder when -1 + 34 + 2/(-1) is divided by q(-9).
9
Let h(j) = -2*j - 43. Let n be h(24). Let x = 134 + n. Calculate the remainder when x is divided by 11.
10
Suppose -6*c + 148 = -1106. Calculate the remainder when c is divided by 6.
5
Let o = -517 - -575. What is the remainder when o is divided by 22?
14
Let h be (-10)/25 - (-22)/5. Let o be (-3)/(12/h) - -25. Suppose 0*d + 3*d = o. What is the remainder when 30 is divided by d?
6
Let u = 261 + -219. What is the remainder when 293 is divided by u?
41
Let i(g) = 11*g - 5. Let n be i(-7). Let k = n - -140. Suppose -5*j + o + 103 = -82, -4*o = j - k. What is the remainder when j is divided by 14?
10
Let a = 6 - 6. What is the remainder when (-8)/6*(-87)/2*1 is divided by (-40)/(-2)*(a + 1)?
18
Suppose -3695*x + 3700*x = 105. What is the remainder when 397 is divided by x?
19
Let a(d) = 4*d**2 + 6*d + 6. Let c(u) = u**3 - 3*u**2 + 2*u - 2. Let z be c(0). Calculate the remainder when 25 is divided by a(z).
5
What is the remainder when 340 is divided by 4*153/12 - (4 - 2)?
46
Suppose -87 = -5*s + 158. Suppose -12 = -3*y, -4 - 66 = -5*m - 5*y. Calculate the remainder when s is divided by m.
9
Suppose -10*l = -15*l + 35. Suppose 3*t = -2*n + 33, 2*n + 2*t - l*t = -7. What is the remainder when 0/(2 + -3) - -14 is divided by n?
5
Suppose -5*p + 2*i + 74 = i, -p = 3*i - 2. Suppose 34 = 3*o - p. Calculate the remainder when o is divided by 10.
6
What is the remainder when 61 + ((-4)/(-3) - 20/15) is divided by 32?
29
Let k = -578 + 667. What is the remainder when 887 is divided by k?
86
What is the remainder when 105 is divided by 28 + -4 - 2 - -5?
24
Suppose -4*r = -0*r - 28. Let s(y) = -y**3 + 35*y**2 + 39*y - 69. What is the remainder when s(36) is divided by r?
4
What is the remainder when 102 is divided by -1*-3*4/(-12) - -36?
32
Let t(r) = 2*r**2 + 9*r - 2. Let q be t(-7). Let m = 47 - q. Let a = 26 - m. Calculate the remainder when a is divided by 8.
4
Let y = 23 - 9. What is the remainder when ((-864)/84)/(12/(-56)) is divided by y?
6
Suppose -3*n + 3*b = -2*n + 7, 4*b = 5*n + 2. Suppose -4*m - 4*s = -72, -s + 48 = m + n*m. Calculate the remainder when 59 is divided by m.
14
Let a(n) = n**3 - 6*n**2 + 2*n - 7. Let k(v) = 6*v + 3. Let y be k(-3). What is the remainder when a(6) is divided by (y/12)/1*-4?
0
Let o(l) = l**3 + 5*l**2 - 9*l + 4. Let f(q) = q**3 + 5*q**2 - 10*q + 5. Let p(w) = -3*f(w) + 4*o(w). Calculate the remainder when 5 is divided by p(-6).
0
Let p(y) = -2 + y - 8*y + 2*y - 8. What is the remainder when 243 is divided by p(-9)?
33
Let r(m) = 5*m**2 + 8*m + 24. What is the remainder when 178 is divided by r(-3)?
43
Suppose 0 = l + 3 - 8. Suppose 6*r + 117 - 135 = 0. Calculate the remainder when l is divided by r.
2
Suppose 369*l = 368*l + 5. Suppose -2*b + 0*b = -34. What is the remainder when b is divided by l?
2
Let a = 13 - 8. Suppose -4*b + 14 = -m, m = a*b - 0*m - 17. Suppose b*x - 69 = -0*x. Calculate the remainder when x is divided by 12.
11
Let f = 663 - 641. What is the remainder when (2/(-5))/((-12)/1260) is divided by f?
20
Suppose 3*t - 16 = 32. Calculate the remainder when t is divided by 6.
4
Suppose -1782 = -36*h + 414. What is the remainder when 476 is divided by h?
49
Let y(r) = -r**3 - 4*r**2 - 2*r - 1. Let z be y(-2). Let w(f) = 3*f + 27. Let n be w(-5). Let p = n + z. What is the remainder when p is divided by 3?
1
Suppose -2*b + 697 = 3*o, -4*o + b = -5*o + 232. What is the remainder when o is divided by 77?
2
Let d(h) = 2*h - 20. Let y be d(-4). What is the remainder when (-833)/y*((-1 - -1) + 4) is divided by 42?
35
Let n = -532 + 650. What is the remainder when n is divided by 30?
28
Let z be -1 - (-8)/(-4) - -3. Suppose 7*b = 3*r + 3*b - 77, z = -4*r + 3*b + 105. What is the remainder when 78 is divided by r?
24
Let w(v) = v**3 - 8*v**2 + 10*v - 2. Let c be w(7). Let g = c - 13. Suppose 0 = -4*i - 12, -4*i + 18 = 3*p - 7*i. What is the remainder when g is divided by p?
0
Suppose 5*s + 0*s = 85. Let f = 716 - 683. Calculate the remaind